8).
2, 787
Suppose -18*c = 1588 - 42466. Suppose -979 - c = -25*a. List the prime factors of a.
2, 5, 13
Suppose -2*a - 3*a - h = -23, -h - 2 = 0. Suppose v - 400 = -i + 3*v, -v = -a*i + 2009. List the prime factors of i.
2, 3, 67
Suppose -6*h + 893500 = -3*h + 47*h. What are the prime factors of h?
2, 5, 1787
Let t = 4940 + 24497. What are the prime factors of t?
29437
Let f be (42/(-9) - -4)*1119/(-2). Let p = f - -315. List the prime factors of p.
2, 43
Let s(k) = 669*k**2 + 208*k + 33. What are the prime factors of s(7)?
2, 5, 23, 149
Suppose 0 = -3*t - 3*t + 24. Suppose -p - h = 2*h - 65, t*h + 93 = p. Suppose -4*f - 5*a + 335 = f, -f + a + p = 0. List the prime factors of f.
2, 3
Let t(y) = 211*y + 1005. List the prime factors of t(26).
6491
Suppose 21*n - 16*n = 23*n - 49428. List the prime factors of n.
2, 1373
Suppose 159*s = 2402514 - 43113. What are the prime factors of s?
11, 19, 71
Suppose 4*g - 5*z - 15 = 0, -5*g + 2*z = -1 - 5. Suppose g = 3*x - 367 - 32. Suppose 2*a + 81 = x. What are the prime factors of a?
2, 13
Let t(j) = -2*j**2 - 12*j + 12. Let r be t(-7). What are the prime factors of 3 - (-1795)/10 - r/4?
3, 61
Suppose -2*q - 48 = 14. Let k = q - -11. List the prime factors of ((-30)/k)/((-2)/(-44)).
3, 11
Let f(x) = 191*x - 1105. What are the prime factors of f(30)?
5, 37
Let k(s) = 5*s**2 - 16*s + 10. Let f be k(10). Let b = 365 - f. List the prime factors of b.
3, 5
Suppose -1581*u = -1562*u - 115748. What are the prime factors of u?
2, 1523
Let x be 39*(-16)/120*(1 + -6). Suppose -x*r = -30*r + 12. Suppose -2*v - 4 = -6*v, r*c - 3*v = 243. What are the prime factors of c?
2, 41
Let w(s) = s**3 + s**2 + 3*s - 1152. Let m(y) = y**2 - 2*y + 1. Let p(i) = -m(i) - w(i). List the prime factors of p(0).
1151
Let s be 12/54*-6 + (-1934)/(-6). Suppose -7*z = s - 2127. List the prime factors of z.
2, 3, 43
Suppose 171 + 81 = -3*i. Suppose 5*f + 3*f = 1008. Let s = i + f. What are the prime factors of s?
2, 3, 7
Suppose -16 = 800*n - 801*n. Suppose -2*t = n*t - 21978. What are the prime factors of t?
3, 11, 37
Let p(n) = -41*n + 6. Let j = -32 - -36. Suppose 0*a + j*a + i = -13, -18 = 5*a + 3*i. What are the prime factors of p(a)?
3, 43
Let j(k) = 17*k**2 - 108*k - 1213. List the prime factors of j(-10).
1567
Let i(q) = -q + 17. Let g be i(10). Suppose -4*n - t = 0, -3*n + g*n - 2*t = 0. Suppose z = j - 135, -3*j + 409 = -n*j - 5*z. What are the prime factors of j?
7, 19
Let d be (-3740)/(-18) - (-26)/117. Let c = d + 41. What are the prime factors of c?
3, 83
Let h(o) = 2*o**2 - 17*o + 12. Let f be h(8). Let a = 6 - f. Suppose -a*l - l + 107 = t, -3*t + 2*l + 321 = 0. List the prime factors of t.
107
Suppose 5*u - 37625 = -31*q + 26*q, -2*q + 3*u + 15060 = 0. What are the prime factors of q?
3, 13, 193
Suppose -79*x + 1248905 = x - 101975. List the prime factors of x.
2, 8443
Let r(w) = -1468*w**3 + w**2 + 14*w + 12. Let a = 704 - 705. List the prime factors of r(a).
3, 163
Let z = -244 + 651. List the prime factors of z.
11, 37
Let s(j) = -j**2 - 11*j + 26. Let q be ((-153)/18)/((-3)/(-12)). Let d = q - -23. What are the prime factors of s(d)?
2, 13
Suppose 51 = 2*y + 55, -4*y + 1711 = 3*h. Let w = 356 + h. What are the prime factors of w?
929
Suppose 19 = -32*w + 19. Let f(b) = b**3 - b**2 - 2*b + 1051. What are the prime factors of f(w)?
1051
Suppose -47*z - 86*z = -4354553. List the prime factors of z.
29, 1129
Suppose 7*b + 2*r - 42101 = 0, -3*b = 3*r - 8*r - 18055. List the prime factors of b.
3, 5, 401
Let i = 3181 - 1409. What are the prime factors of i - (-13 - -4 - -11)?
2, 3, 5, 59
Let n(b) = -83*b**2 - 3465*b - 30. List the prime factors of n(-25).
2, 5, 7, 31
Let k(a) = a**3 + 4*a**2 - a - 6. Let z be (-5)/(-2)*(-48)/30. Let b be k(z). List the prime factors of (b - 132/(-15))/((-2)/(-10)).
2, 17
Let i = 91644 + -44320. List the prime factors of i.
2, 11831
Suppose 7*g = 16*g + 108. Let h = -1908 - -243. List the prime factors of h/(-10)*(g/9 - -2).
3, 37
Suppose -285603 - 473604 = -103*r + 34*r. List the prime factors of r.
11003
Let o(x) = 853*x**2 - 27*x - 18. List the prime factors of o(3).
2, 3, 421
Suppose 39 = -b + 40. Suppose -m - 2 = -b. What are the prime factors of 1 + -5 - 91/m?
3, 29
List the prime factors of 88/(66/(-3)) - 3/((-3)/22922).
2, 7, 1637
Suppose -5*x = 4*q - 4376 + 1471, x = q - 724. List the prime factors of q.
5, 29
Suppose 4*l = -5*d + 4632, d - 966 = 5*l - 28. Let s = d - 539. List the prime factors of s.
389
Suppose 0 = 3*j - 5*k - 13556, 2*j = 6*j + 5*k - 18098. What are the prime factors of j?
2, 7, 17, 19
Let g be (-87)/(-15) + -1 + 2/10. Suppose -z = g*b - 251, 5*b = 4*z - 1 - 878. What are the prime factors of z?
2, 113
Suppose 0 = 6*h - 42, -2*a - 8*h = -5*h - 149529. What are the prime factors of a?
2, 3, 4153
Suppose 0 = -2*m + z + 14202, 4*m - 2*z = 3*z + 28398. List the prime factors of m.
2, 53, 67
Suppose 4*x = 1984 + 1292. Suppose 0 = q - x + 245. What are the prime factors of q?
2, 7, 41
Let n(f) = 3*f**2 - 31*f + 36. Let x be n(20). List the prime factors of -3 + (-7)/((-28)/(-8)) + x.
13, 47
Suppose 870 = 5*z + 2*j + 166, 571 = 4*z - j. Suppose -15*w + 1031 = -319. Let h = z - w. What are the prime factors of h?
2, 13
What are the prime factors of (1436718/(-230))/((-2)/10)?
3, 29, 359
Suppose -329*l + 338*l + 165109 - 481342 = 0. What are the prime factors of l?
41, 857
Let t be (-184)/(-23) - (0 + 0). Let s(j) = 9*j**2 - 19*j + 23. Let y(x) = 13*x**2 - 29*x + 34. Let m(o) = -7*s(o) + 5*y(o). List the prime factors of m(t).
41
Let n be (-1 - -10 - 2513)/(-2 - 0). Let z = 2729 - n. List the prime factors of z.
7, 211
Let j(o) = 18*o**2 - 156*o - 6. Suppose 9*t + 5*u + 20 = 10*t, -1 = u. List the prime factors of j(t).
2, 3, 71
Let m = -2849 - -9090. List the prime factors of m.
79
What are the prime factors of -4*(-9)/(-72) - (34074/(-4) - 0)?
2, 4259
Let g = 69 - 66. Suppose g*c - 2475 = 4*x, 2*c + 5*x - 1200 - 450 = 0. Suppose 4*n - c = -285. List the prime factors of n.
3, 5
Let d be -2*(-4 + 20/8). Suppose 0 = -d*q + 3*h - 24, -2*q - 7 = -3*h + 4*h. Let w = q + 7. What are the prime factors of w?
2
Let a be (0 - 6/(-9))/(2/(-303)). Let w be 1*a*(4 - 3). Let g = 197 + w. List the prime factors of g.
2, 3
Let l be (522/15)/(2/5). Let z = -177 + 131. Let o = z + l. What are the prime factors of o?
41
Suppose -39724 = -3*k + 4*w, -3*k + 2*w = -25962 - 13754. What are the prime factors of k?
2, 3, 1103
Suppose 537*t - 721*t = -5187512. List the prime factors of t.
11, 233
Suppose f - 117 = -3*y - 31, f - 5*y - 46 = 0. Let s = f - -14. Suppose -271 + s = -2*w - 4*q, -2*w - q = -171. What are the prime factors of w?
83
Let g = -6586 - -6584. Suppose -v = -5*v - 4. List the prime factors of 101 - (g - -2)*v.
101
List the prime factors of (-18)/1*124670/(-364).
3, 5, 137
Suppose 3*d = 5*y + 171, 2*d - 126 = 4*y + 5*d. What are the prime factors of (-4895)/(-10) + y/(-22)?
491
Suppose 4*g = g + 2*f + 1, 1 = -g + f. Suppose 0 = k + 3*o + o + 9, -g*o - 40 = -4*k. Suppose 516 = -k*r + 13*r. What are the prime factors of r?
2, 43
Let v be (0 + (-12)/9)*84/(-8). Let t be v/(-35) - 1044/(-10). Suppose -r - r + t = 0. What are the prime factors of r?
2, 13
List the prime factors of 3/(-9)*135033/(-103).
19, 23
Let t = -35 - -38. Suppose 0 = -t*s + 3, -m + 4 = s + 5. What are the prime factors of 4 + 12/m + (28 - -1)?
3
Suppose 112*r = -161*r + 5806710. List the prime factors of r.
2, 3, 5, 709
Suppose 0 = -2*h + 5*d + 3881 + 4328, -4*d + 16404 = 4*h. List the prime factors of h.
2, 7, 293
Let h(y) = 6 - 55*y - 26 + 53*y. Let a be h(-10). Suppose -5*o - 19 + 354 = a. What are the prime factors of o?
67
Let i(p) = 1535*p**2 - 96*p - 191. What are the prime factors of i(-2)?
3, 23, 89
Let y(g) = g**3 - 16*g**2 + 24*g - 70. Let l be y(20). Suppose 0 = -5*h - l + 5625. What are the prime factors of h?
3, 241
Suppose 0 = -120*b + 128*b - 48. Suppose -4*w + 5*k + 2559 = 0, -b*w = -2*w - k - 2547. List the prime factors of w.
2, 3, 53
Suppose 4*y + 15 = 4*m + m, -5*y - 3*m = -9. What are the prime factors of 11 + 378 + -2 + y?
3, 43
Suppose -164*t + 162*t = -m + 8393, -m + t = -8398. What are the prime factors of m?
3, 2801
Let x(l) = 4*l**3 + l - 2. Let q be x(1). Let k(c) = -46*c -